r of 37267196 and 820?
164
Calculate the highest common divisor of 1590 and 1085445.
15
Calculate the highest common factor of 1538 and 17147162.
1538
What is the highest common factor of 191623428 and 4482?
4482
Calculate the highest common divisor of 40835 and 95.
5
Calculate the highest common divisor of 3248 and 120820.
28
What is the highest common divisor of 135 and 6016020?
15
Calculate the highest common divisor of 4 and 11292452.
4
What is the highest common divisor of 5102545 and 11305?
665
What is the highest common divisor of 402 and 54282?
6
What is the greatest common factor of 288 and 519510?
6
What is the highest common factor of 3658 and 3791008538?
3658
Calculate the highest common divisor of 457357 and 27139759.
9731
What is the greatest common divisor of 47 and 3449000671?
47
What is the highest common divisor of 1957 and 6227972?
19
What is the greatest common divisor of 223737660 and 2700?
540
What is the greatest common factor of 8216645 and 1444?
19
What is the greatest common divisor of 69255 and 1235?
95
What is the highest common factor of 790551 and 12087?
153
Calculate the greatest common factor of 3006527508 and 24.
12
What is the highest common factor of 84509327 and 1246?
623
What is the greatest common divisor of 36432 and 5831144?
2024
Calculate the highest common factor of 45925 and 292600.
275
What is the highest common factor of 2722239 and 39071?
439
What is the highest common factor of 7930 and 451156?
122
What is the greatest common divisor of 3248 and 2993872?
112
What is the highest common divisor of 499169 and 65504?
23
Calculate the greatest common divisor of 107 and 20957983.
107
What is the greatest common factor of 1482 and 217265?
19
Calculate the highest common divisor of 23388521 and 39.
13
What is the highest common divisor of 743209225 and 1425?
475
What is the greatest common divisor of 79326 and 10530?
702
What is the greatest common divisor of 2053168 and 286104?
104
What is the highest common factor of 21321267 and 429?
33
Calculate the greatest common factor of 14867656 and 10744.
136
What is the greatest common factor of 57 and 505768695?
57
What is the highest common factor of 12 and 31839996?
12
What is the greatest common divisor of 21199 and 145077227?
1247
What is the highest common divisor of 834202 and 1628?
74
Calculate the highest common divisor of 8673896 and 1848.
616
What is the highest common factor of 25372446 and 4092?
2046
What is the highest common divisor of 95547006 and 459?
27
What is the greatest common divisor of 3884691 and 94?
47
Calculate the highest common factor of 45420312 and 7770.
1554
Calculate the greatest common divisor of 81 and 72129744.
27
Calculate the greatest common factor of 58940 and 31150.
70
What is the greatest common divisor of 1026 and 2462134?
38
Calculate the greatest common factor of 359 and 104247.
1
What is the highest common divisor of 108 and 63931932?
36
What is the greatest common factor of 33993360 and 523280?
2480
What is the greatest common divisor of 2512 and 23845160?
1256
Calculate the greatest common factor of 73 and 126829762.
73
What is the highest common factor of 490482 and 56079?
837
Calculate the greatest common divisor of 421898 and 31266.
386
Calculate the greatest common divisor of 12 and 548751516.
12
What is the greatest common divisor of 363550 and 66761?
661
Calculate the highest common factor of 18 and 27592686.
18
Calculate the greatest common divisor of 28706 and 1317698.
926
What is the greatest common divisor of 40 and 6459416?
8
What is the highest common divisor of 1252632 and 38950?
1558
Calculate the greatest common divisor of 2527 and 5741591.
19
Calculate the greatest common factor of 198 and 145116246.
66
Calculate the highest common factor of 55 and 1195359.
11
Calculate the highest common factor of 104 and 88939396.
52
What is the highest common factor of 13892 and 630844?
92
What is the greatest common factor of 1356925 and 3425?
25
What is the highest common divisor of 78432 and 2622?
114
Calculate the highest common factor of 2599392 and 528.
48
What is the highest common factor of 2600876 and 164?
164
What is the highest common divisor of 20745815 and 262?
131
Calculate the highest common divisor of 20043 and 5752953.
153
Calculate the greatest common divisor of 57260 and 108220.
140
Calculate the greatest common factor of 54 and 43466571.
27
What is the highest common divisor of 2898 and 291921?
21
What is the greatest common factor of 4376224 and 35488?
32
Calculate the highest common factor of 105 and 7110495.
105
What is the highest common factor of 54855 and 704145?
345
Calculate the highest common divisor of 1675775 and 3077.
17
Calculate the greatest common factor of 74081 and 4655.
133
Calculate the greatest common divisor of 2777712 and 225792.
2352
What is the greatest common divisor of 292 and 59336?
4
Calculate the greatest common factor of 13321486 and 811.
811
Calculate the highest common factor of 48 and 3421528.
8
What is the greatest common factor of 24 and 2345032?
8
What is the highest common divisor of 132 and 3247926?
66
Calculate the greatest common factor of 385852 and 2204.
76
Calculate the greatest common divisor of 28 and 9092720.
28
What is the highest common divisor of 3092790608 and 464?
464
What is the highest common divisor of 12751864 and 632?
632
Calculate the highest common divisor of 46 and 425333917.
23
What is the greatest common divisor of 764333488 and 1124?
1124
Calculate the highest common divisor of 1283035 and 260.
65
Calculate the highest common divisor of 256631 and 21533.
353
Calculate the highest common divisor of 96 and 5708832.
96
Calculate the highest common divisor of 129121253 and 58.
29
What is the greatest common factor of 174 and 31876046?
58
Calculate the highest common factor of 66625 and 974337325.
13325
Calculate the greatest common factor of 350 and 165007850.
350
Calculate the greatest common factor of 300602483 and 2023.
289
What is the greatest common divisor of 406 and 7888286?
14
Calculate the greatest common divisor of 1339794 and 304182.
2322
What is the greatest common factor of 4879 and 316183?
119
What is the greatest common factor of 2060186 and 1631?
233
What is the greatest common divisor of 8683295 and 1234355?
7135
What is the highest common factor of 5465923 and 11639?
113
Calculate the highest common factor of 4704 and 1022568.
24
Calculate the highest common factor of 7044 and 1300635858.
3522
What is the highest common factor of 87 and 24592667?
29
What is the greatest common factor of 32 and 30303464?
8
What is the greatest common factor of 24986724 and 96138?
4578
Calculate the highest common factor of 3070 and 93510.
10
Calculate the greatest common divisor of 22984635 and 7275.
1455
Calculate the greatest common divisor of 2511 and 2271706722.
2511
Calculate the greatest common factor of 51760 and 14486330.
6470
What is the greatest common divisor of 53452078 and 2?
2
Calculate the highest common divisor of 97428 and 9798.
138
What is the highest common factor of 2264691 and 517342?
5279
What is the highest common divisor of 7865 and 12486595?
605
Calculate the greatest common factor of 6931 and 3207619.
239
What is the greatest common divisor of 11517472 and 31844?
1676
Calculate the greatest common factor of 144 and 838000.
16
What is the greatest common factor of 326426860 and 17080?
1220
What is the highest common divisor of 279 and 538083430?
31
What is the highest common divisor of 37081 and 18891084?
3371
Calculate the highest common divisor of 162 and 1409670.
54
What is the highest common divisor of 35054614 and 5487?
1829
Calculate the highest common factor of 9595168 and 176.
176
Calculate the greatest common factor of 3672318 and 7935.
1587
What is the highest common divisor of 10752 and 2364096?
1344
Calculate the highest common factor of 307610 and 2755.
95
Calculate the highest common divisor of 940 and 2214210.
10
Calculate the greatest common divisor of 17215 and 280239542.
3443
Calculate the greatest common divisor of 20944 and 498096192.
2992
Calculate the greatest common factor of 61365237 and 4017.
309
Calculate the highest common factor of 19 and 28571269.
19
What is the highest common d